{"id":33950,"date":"2024-11-22T19:19:28","date_gmt":"2024-11-22T17:19:28","guid":{"rendered":"https:\/\/www.sport-kaiser.de\/?post_type=tribe_events&#038;p=33950"},"modified":"2024-11-28T10:00:02","modified_gmt":"2024-11-28T08:00:02","slug":"prien-on-ice-eroeffnung","status":"publish","type":"tribe_events","link":"https:\/\/www.sport-kaiser.de\/it\/event\/prien-on-ice-eroeffnung\/","title":{"rendered":"Apertura di Prien On Ice"},"content":{"rendered":"<p><strong>Prien on Ice - divertimento invernale all'aria aperta<\/strong><\/p>\n<p>Ab Donnerstag, den 28. November 2024, verwandelt sich die \u201eGesundheitswelt Chiemgau Arena\u201c am Wendelsteinpark in eine glitzernde Eisoase. Auf der synthetischen Kunsteisfl\u00e4che k\u00f6nnt ihr eure Pirouetten drehen und dabei ein umweltfreundliches Vergn\u00fcgen genie\u00dfen \u2013 ohne den Einsatz von Strom oder Wasser. Zwar unterscheidet sich das Fahrgef\u00fchl etwas von echtem Eis, doch das Erlebnis bleibt erstklassig!<\/p>\n<p>Von Mittwoch bis Sonntag ist die Eisfl\u00e4che f\u00fcr Gro\u00df und Klein ge\u00f6ffnet. Dar\u00fcber hinaus sorgt \u201ePrien on Ice\u201c mit besonderen Events f\u00fcr unvergessliche Momente. Kulinarisch werdet ihr mit regionalen Spezialit\u00e4ten, hei\u00dfen Getr\u00e4nken und erfrischenden Drinks verw\u00f6hnt. Unser Schlittschuhverleih bietet hochwertige Schuhe und einen Schleifservice f\u00fcr eure eigenen Kufen an.<\/p>\n<hr \/>\n<p><strong>Er\u00f6ffnung von Prien on Ice<\/strong><\/p>\n<p><strong>Donnerstag, 28.11.2024, ab 18.00 Uhr mit DJ Michi<\/strong><\/p>\n<ul>\n<li><strong>18.00 Uhr:<\/strong> Tanzauftritt der Tanzkids der Tanzschule Ziegler<\/li>\n<li><strong>18.30 Uhr:<\/strong> Offizielle Er\u00f6ffnung durch B\u00fcrgermeister Andreas Friedrich und Tobi Huber, Leiter Wirtschaft und Kultur<\/li>\n<li><strong>20:00 Uhr:<\/strong> Feuershow on ICE<\/li>\n<li><strong>Ab ca. 20:30 \u2013 23:00 Uhr:<\/strong> Party mit DJ Michi<\/li>\n<\/ul>\n<hr \/>\n<p><strong>\u201eWei\u00dfer Donnerstag\u201c \u2013 ein besonderes Shopping-Erlebnis<\/strong><\/p>\n<p>Parallel zur Er\u00f6ffnung von Prien on Ice l\u00e4dt der \u201eWei\u00dfe Donnerstag\u201c zu einem Aktionstag ein, organisiert vom Gewerbeverein Prien Partner. Freut euch auf eine zauberhafte Einkaufswelt mit exklusiven Rabatten, \u00dcberraschungen und spannenden Angeboten \u2013 ein Tag, der die regionale Wirtschaft feiert und den Ortskern zum Strahlen bringt.<\/p>\n<p>Erlebt Prien von seiner magischen Seite und lasst euch dieses Winterhighlight nicht entgehen!<\/p>","protected":false},"excerpt":{"rendered":"<p>Prien on Ice - divertimento invernale all'aria aperta<\/p>\n<p>Ab Donnerstag, den 28. November 2024, verwandelt sich die \u201eGesundheitswelt Chiemgau Arena\u201c am Wendelsteinpark in eine glitzernde Eisoase. Auf der synthetischen Kunsteisfl\u00e4che k\u00f6nnt ihr eure Pirouetten drehen und dabei ein umweltfreundliches Vergn\u00fcgen genie\u00dfen&#8230;<\/p>","protected":false},"author":170813083,"featured_media":33958,"template":"","meta":{"_price":"","_stock":"","_tribe_ticket_header":"","_tribe_default_ticket_provider":"","_tribe_ticket_capacity":"0","_ticket_start_date":"","_ticket_end_date":"","_tribe_ticket_show_description":"","_tribe_ticket_show_not_going":false,"_tribe_ticket_use_global_stock":"","_tribe_ticket_global_stock_level":"","_global_stock_mode":"","_global_stock_cap":"","_tribe_rsvp_for_event":"","_tribe_ticket_going_count":"","_tribe_ticket_not_going_count":"","_tribe_tickets_list":"[]","_tribe_ticket_has_attendee_info_fields":false,"_tribe_events_status":"","_tribe_events_status_reason":"","footnotes":"","_tec_slr_enabled":"","_tec_slr_layout":""},"tags":[3134,3135,3131,3133,3132],"tribe_events_cat":[],"class_list":["post-33950","tribe_events","type-tribe_events","status-publish","has-post-thumbnail","hentry","tag-bauer","tag-eisflaeche","tag-prien-on-ice","tag-schlittschuh","tag-schlittschuhe"],"ticketed":false,"_links":{"self":[{"href":"https:\/\/www.sport-kaiser.de\/it\/wp-json\/wp\/v2\/tribe_events\/33950","targetHints":{"allow":["GET"]}}],"collection":[{"href":"https:\/\/www.sport-kaiser.de\/it\/wp-json\/wp\/v2\/tribe_events"}],"about":[{"href":"https:\/\/www.sport-kaiser.de\/it\/wp-json\/wp\/v2\/types\/tribe_events"}],"author":[{"embeddable":true,"href":"https:\/\/www.sport-kaiser.de\/it\/wp-json\/wp\/v2\/users\/170813083"}],"version-history":[{"count":6,"href":"https:\/\/www.sport-kaiser.de\/it\/wp-json\/wp\/v2\/tribe_events\/33950\/revisions"}],"predecessor-version":[{"id":34007,"href":"https:\/\/www.sport-kaiser.de\/it\/wp-json\/wp\/v2\/tribe_events\/33950\/revisions\/34007"}],"wp:featuredmedia":[{"embeddable":true,"href":"https:\/\/www.sport-kaiser.de\/it\/wp-json\/wp\/v2\/media\/33958"}],"wp:attachment":[{"href":"https:\/\/www.sport-kaiser.de\/it\/wp-json\/wp\/v2\/media?parent=33950"}],"wp:term":[{"taxonomy":"post_tag","embeddable":true,"href":"https:\/\/www.sport-kaiser.de\/it\/wp-json\/wp\/v2\/tags?post=33950"},{"taxonomy":"tribe_events_cat","embeddable":true,"href":"https:\/\/www.sport-kaiser.de\/it\/wp-json\/wp\/v2\/tribe_events_cat?post=33950"}],"curies":[{"name":"wp","href":"https:\/\/api.w.org\/{rel}","templated":true}]}}

<p><strong>Prien on Ice - divertimento invernale all'aria aperta</strong></p>
<p>Ab Donnerstag, den 28. November 2024, verwandelt sich die „Gesundheitswelt Chiemgau Arena“ am Wendelsteinpark in eine glitzernde Eisoase. Auf der synthetischen Kunsteisfläche könnt ihr eure Pirouetten drehen und dabei ein umweltfreundliches Vergnügen genießen – ohne den Einsatz von Strom oder Wasser. Zwar unterscheidet sich das Fahrgefühl etwas von echtem Eis, doch das Erlebnis bleibt erstklassig!</p>
<p>Von Mittwoch bis Sonntag ist die Eisfläche für Groß und Klein geöffnet. Darüber hinaus sorgt „Prien on Ice“ mit besonderen Events für unvergessliche Momente. Kulinarisch werdet ihr mit regionalen Spezialitäten, heißen Getränken und erfrischenden Drinks verwöhnt. Unser Schlittschuhverleih bietet hochwertige Schuhe und einen Schleifservice für eure eigenen Kufen an.</p>
<hr />
<p><strong>Eröffnung von Prien on Ice</strong></p>
<p><strong>Donnerstag, 28.11.2024, ab 18.00 Uhr mit DJ Michi</strong></p>
<ul>
<li><strong>18.00 Uhr:</strong> Tanzauftritt der Tanzkids der Tanzschule Ziegler</li>
<li><strong>18.30 Uhr:</strong> Offizielle Eröffnung durch Bürgermeister Andreas Friedrich und Tobi Huber, Leiter Wirtschaft und Kultur</li>
<li><strong>20:00 Uhr:</strong> Feuershow on ICE</li>
<li><strong>Ab ca. 20:30 – 23:00 Uhr:</strong> Party mit DJ Michi</li>
</ul>
<hr />
<p><strong>„Weißer Donnerstag“ – ein besonderes Shopping-Erlebnis</strong></p>
<p>Parallel zur Eröffnung von Prien on Ice lädt der „Weiße Donnerstag“ zu einem Aktionstag ein, organisiert vom Gewerbeverein Prien Partner. Freut euch auf eine zauberhafte Einkaufswelt mit exklusiven Rabatten, Überraschungen und spannenden Angeboten – ein Tag, der die regionale Wirtschaft feiert und den Ortskern zum Strahlen bringt.</p>
<p>Erlebt Prien von seiner magischen Seite und lasst euch dieses Winterhighlight nicht entgehen!</p>

<p>Prien on Ice - divertimento invernale all'aria aperta</p>
<p>Ab Donnerstag, den 28. November 2024, verwandelt sich die „Gesundheitswelt Chiemgau Arena“ am Wendelsteinpark in eine glitzernde Eisoase. Auf der synthetischen Kunsteisfläche könnt ihr eure Pirouetten drehen und dabei ein umweltfreundliches Vergnügen genießen&#8230;</p>
